{"id":144,"date":"2025-01-22T15:37:42","date_gmt":"2025-01-22T14:37:42","guid":{"rendered":"https:\/\/www.studiomattibeccaria.com\/?page_id=144"},"modified":"2025-01-23T11:20:45","modified_gmt":"2025-01-23T10:20:45","slug":"fisioterapia","status":"publish","type":"page","link":"https:\/\/www.studiomattibeccaria.com\/index.php\/fisioterapia\/","title":{"rendered":"FISIOTERAPIA"},"content":{"rendered":"\n<p><\/p>\n\n\n\n<p>IL NOSTRO APPROCCIO AL BENESSERE<\/p>\n\n\n\n<p><\/p>\n\n\n\n<p>La fisioterapia \u00e8 una disciplina sanitaria che si occupa della prevenzione, cura e riabilitazione delle patologie<\/p>\n\n\n\n<p>muscoloscheletriche e neurologiche.<\/p>\n\n\n\n<p>Presso il nostro studio offriamo un&#8217;ampia gamma di trattamenti personalizzati per aiutarti a ritrovare il tuo<\/p>\n\n\n\n<p>benessere fisico e migliorare la qualit\u00e0 della tua vita.<\/p>\n\n\n\n<p><\/p>\n\n\n\n<p>SERVIZI OFFERTI:<\/p>\n\n\n\n<p><\/p>\n\n\n\n<p><strong>VALUTAZIONE FISIOTERAPICA<\/strong><\/p>\n\n\n\n<p>Analizziamo le tue condizioni fisiche attraverso un&#8217;attenta valutazione, per definire un piano di trattamento<\/p>\n\n\n\n<p>personalizzato attuabile<\/p>\n\n\n\n<p><strong>TERAPIAMANUALE:<\/strong><\/p>\n\n\n\n<p>Tecniche manuali specializzate per alleviare il dolore, migliorare la mobilit\u00e0 e promuovere la guarigione dei<\/p>\n\n\n\n<p>tessuti<\/p>\n\n\n\n<p><strong>ESERCIZI TERAPUTICI:<\/strong><\/p>\n\n\n\n<p>Programmazione di esercizi specifici per rinforzare i muscoli, migliorare la funzionalit\u00e0 e prevenire recidive. TECNOLOGIE AVANZATE:<\/p>\n\n\n\n<p>Utilizzo di strumentazioni moderne, come ultrasuoni e stimolazione elettrica, per potenziare l&#8217;efficacia dei<\/p>\n\n\n\n<p>trattamenti.<\/p>\n\n\n\n<p><\/p>\n\n\n\n<p><strong>FISIOTERAPIA E OZONO<\/strong><\/p>\n\n\n\n<p>UN APPROCCIO INNOVATIVO<\/p>\n\n\n\n<p>Negli ultimi anni, l&#8217;ozonoterapia ha guadagnato attenzione come complemento alla fisioterapia tradizionale.<\/p>\n\n\n\n<p>L&#8217;ozono \u00e8 un gas naturale che, in piccole concentrazioni, \u00e8 utilizzato per le sue propriet\u00e0 terapeutiche<\/p>\n\n\n\n<p><\/p>\n\n\n\n<p>BENEFICI DELL&#8217;OZONOTERAPIA<\/p>\n\n\n\n<p><\/p>\n\n\n\n<p><strong>&nbsp;RIDUZIONE DEL DOLORE<\/strong><\/p>\n\n\n\n<p>L&#8217;ozono ha effetti analgesici che possono aiutare a mitigare il dolore cronico<\/p>\n\n\n\n<p><strong>ANTINFIAMMATORIO<\/strong><\/p>\n\n\n\n<p>Contribuisce a ridurre l&#8217;infiammazione, facilitando la guarigione dei tessuti<\/p>\n\n\n\n<p><strong>MIGLIORAMENTO DELLA CIRCOLAZIONE<\/strong><\/p>\n\n\n\n<p>Favorisce l&#8217;ossigenazione dei tessuti e la riparazione cellulare<\/p>\n\n\n\n<p><strong>&nbsp;EFFICACE IN PATOLOGIE PARTICOLARI<\/strong><\/p>\n\n\n\n<p>ha mostrato buoni risultati nel trattamento dell&#8217;artrosi e di altre malattie articolari<\/p>\n","protected":false},"excerpt":{"rendered":"<p>IL NOSTRO APPROCCIO AL BENESSERE La fisioterapia \u00e8 una disciplina sanitaria che si occupa della prevenzione, cura e riabilitazione delle patologie muscoloscheletriche e neurologiche. Presso il nostro studio offriamo un&#8217;ampia gamma di trattamenti personalizzati per aiutarti a ritrovare il tuo benessere fisico e migliorare la qualit\u00e0 della tua vita. SERVIZI OFFERTI: VALUTAZIONE FISIOTERAPICA Analizziamo le tue condizioni fisiche attraverso un&#8217;attenta<span class=\"more-dots\">&#8230;<\/span><\/p>\n","protected":false},"author":1,"featured_media":0,"parent":0,"menu_order":0,"comment_status":"closed","ping_status":"closed","template":"","meta":{"footnotes":""},"class_list":["post-144","page","type-page","status-publish","hentry","no-post-thumbnail"],"_links":{"self":[{"href":"https:\/\/www.studiomattibeccaria.com\/index.php\/wp-json\/wp\/v2\/pages\/144","targetHints":{"allow":["GET"]}}],"collection":[{"href":"https:\/\/www.studiomattibeccaria.com\/index.php\/wp-json\/wp\/v2\/pages"}],"about":[{"href":"https:\/\/www.studiomattibeccaria.com\/index.php\/wp-json\/wp\/v2\/types\/page"}],"author":[{"embeddable":true,"href":"https:\/\/www.studiomattibeccaria.com\/index.php\/wp-json\/wp\/v2\/users\/1"}],"replies":[{"embeddable":true,"href":"https:\/\/www.studiomattibeccaria.com\/index.php\/wp-json\/wp\/v2\/comments?post=144"}],"version-history":[{"count":3,"href":"https:\/\/www.studiomattibeccaria.com\/index.php\/wp-json\/wp\/v2\/pages\/144\/revisions"}],"predecessor-version":[{"id":149,"href":"https:\/\/www.studiomattibeccaria.com\/index.php\/wp-json\/wp\/v2\/pages\/144\/revisions\/149"}],"wp:attachment":[{"href":"https:\/\/www.studiomattibeccaria.com\/index.php\/wp-json\/wp\/v2\/media?parent=144"}],"curies":[{"name":"wp","href":"https:\/\/api.w.org\/{rel}","templated":true}]}}