{"id":61,"date":"2024-09-19T09:19:04","date_gmt":"2024-09-19T07:19:04","guid":{"rendered":"https:\/\/www.studiomattibeccaria.com\/?page_id=61"},"modified":"2025-01-18T10:22:36","modified_gmt":"2025-01-18T09:22:36","slug":"ormoni-bioidentici","status":"publish","type":"page","link":"https:\/\/www.studiomattibeccaria.com\/index.php\/ormoni-bioidentici\/","title":{"rendered":"ORMONI BIOIDENTICI"},"content":{"rendered":"\n<p>Gli ormoni bioidentici sono ormoni che possiedono una struttura chimica e molecolare identica a<br>quelle degli ormoni naturalmente prodotti dal corpo umano. Rappresentano un approccio<br>innovativo nel campo della terapia ormonale sostitutiva che, nel caso dei bioidentici, \u00e8<br>sempre personalizzata. Possono essere utilizzati sia in et\u00e0 fertile sia in menopausa e sono utili<br>per risolvere determinati disturbi, dalla menopausa alla cistite, dal metabolismo all\u2019ansia, dalla<br>vulvodinia alla libido, dall\u2019acne all\u2019alopecia, dall\u2019invecchiamento al sovrappeso e molto altro.<br>Ormoni bioidentici: cosa sono e quali sono<br>Il nostro organismo riconosce come propri gli ormoni bioidentici, proprio perch\u00e9 si tratta<br>di ormoni con struttura chimica e funzionalit\u00e0 identiche a quelle degli ormoni prodotti<br>naturalmente dal corpo umano. Producono le stesse risposte fisiologiche degli ormoni endogeni.<br>Sono solitamente indicati nell&#8217;ambito di una terapia ormonale sostitutiva (TOS), dunque nel<br>trattamento di patologie e condizioni caratterizzate da una riduzione o da una mancata produzione<br>di determinati tipi di ormoni. Sono personalizzati e vengono somministrati solo su prescrizione<br>medica.<br>I principali ormoni bioidentici sono:<br>\u2022progesterone<br>\u2022estradiolo<br>\u2022estriolo<br>\u2022DHEA<br>\u2022keto-DHEA<br>\u2022pregnenolone<br>\u2022cortisolo<br>\u2022testosterone<br>\u2022ormoni tiroidei<br>\u2022levotiroxina.<br>\u2022ossitocina<br>A cosa servono e quando usarli<br>L\u2019obiettivo della terapia sostitutiva con ormoni bioidentici \u00e8 quello di alleviare i sintomi causati dalla<br>mancata o scarsa produzione di ormoni da parte del corpo, riducendo l\u2019incidenza delle malattie e<br>dei disturbi legate agli squilibri ormonali. Vengono prescritti dal medico in modo personalizzato e<br>mirato e possono essere utilizzati sia in menopausa sia in et\u00e0 fertile, quando il paziente non pu\u00f2 o<br>non vuole ricorrere alle terapie tradizionali con ormoni di sintesi.<br>Consentono di alleviare o eliminare numerosi disturbi come le vampate di calore, la cistite, il dolore<br>vulvare, l\u2019atrofia e la secchezza vulvare, lo stress e l\u2019ansia. Sono utili anche per la libido femminile,<br>per le articolazioni e le ossa, per regolarizzare il peso corporeo e stimolare il metabolismo, per la<br>sindrome dell\u2019ovaio policistico, per l\u2019insulino-resistenza e la sindrome metabolica. Poi ancora<br>per l\u2019acne ormonale, per le irregolarit\u00e0 nel ciclo mestruale e per la sindrome pre-mestruale, per<br>l\u2019invecchiamento da menopausa precoce o chirurgica, per le cicatrici e le smagliature, per cloasma<br>e ipercromie, per alopecia e molto altro.<\/p>\n\n\n\n<p>Come vengono somministrati<br>Gli ormoni bioidentici possono essere somministrati in diverse modalit\u00e0:<br>\u2022per via transdermica (gel o creme)<br>\u2022per via vaginale (gel o creme)<br>\u2022compresse sublinguali <strong>Lozenges<\/strong> <br>\u2022cerotti e<strong> ovuli<\/strong> <\/p>\n\n\n\n<p><br>Si tratta di preparati galenici che necessitano di prescrizione medica che non \u00e8 mai standardizzata,<br>ma personalizzata e modulata in base alla necessit\u00e0 della paziente. Talvolta pu\u00f2 essere previsto<br>\u201cun aggiustamento\u201c del dosaggio e, in alcuni casi, anche della tipologia dell\u2019ormone utilizzato.<br>La differenza fra ormoni bioidentici e artificiali<br>Gli ormoni artificiali, precisamente i \u201cfarmaci\u201d ormonali, non si trovano in natura e non sono identici<br>nella struttura chimica o nella funzione agli ormoni naturali, ma determinano solo \u201ceffetti ormonali\u201d.<br>Gli ormoni bioidentici, invece, hanno l&#8217;esatta struttura molecolare di quelli naturalmente prodotti dal<br>corpo umano e sintetizzati. Inoltre producono le stesse risposte fisiologiche degli ormoni endogeni.<br>La differenza riguarda anche la loro origine. Gli ormoni artificiali, convenzionali o \u201cbrevettati\u201d e<br>brevettabili, solitamente non si trovano in natura, in particolare negli esseri umani. Per fare un<br>esempio, il Premarin, considerato il principale estrogeno artificiale, deriva dall\u2019urina di cavalla in<br>stato di gravidanza. Cambiano anche gli effetti collaterali e il modo in cui il nostro corpo li<br>metabolizza. Gli ormoni di sintesi, infatti, sono metabolizzati dal fegato pi\u00f9 lentamente e con<br>maggiore difficolt\u00e0. Si pu\u00f2 cos\u00ec creare un loro di accumulo che pu\u00f2 provocare effetti negativi<br>sull\u2019organismo.<br>Vantaggi<br>Personalizzazione: la terapia sostitutiva con ormoni bioidentici si basa sull&#8217;analisi dettagliata dei<br>livelli ormonali del paziente. Questo ci consente di adattare la terapia in base alle esigenze<br>specifiche di ciascun individuo, garantendo un trattamento personalizzato e mirato.<br>Minimi effetti collaterali: gli ormoni bioidentici sono progettati per imitare esattamente gli ormoni<br>naturali prodotti dal corpo umano. Questo riduce significativamente il rischio di effetti collaterali<br>indesiderati, migliorando la sicurezza e la tollerabilit\u00e0 del trattamento. Essendo inoltre prescritti<br>mediante una terapia modulata sulle effettive esigenze del paziente e non standardizzata, si riduce<br>ulteriormente il rischio di effetti collaterali.<br>Risoluzione della problematica specifica e miglioramento del benessere complessivo: gli squilibri<br>ormonali possono influire su vari aspetti della salute, tra cui l&#8217;energia, il sonno, il desiderio<br>sessuale, l&#8217;umore e la funzione cognitiva. La terapia degli ormoni bioidentici mira a ripristinare<br>l&#8217;equilibrio ormonale ottimale, consentendo ai pazienti di risolvere problematiche specifiche,<br>sperimentando al contempo un miglioramento globale del loro benessere.<br>Ormoni bioidentici: controindicazioni ed effetti collaterali<br>Le molecole dei bioidentici sono esattamente identiche a quelle umane, proprio per questo<br>vengono considerati ormoni a tutti gli effetti. Questo rappresenta anche il loro punto di forza,<br>perch\u00e9 l\u2019organismo li riconosce come propri ed \u00e8 in grado di tollerarli meglio, evitando effetti<br>collaterali indesiderati come quelli che possono causare i farmaci. Nonostante questo, devono<br>sempre essere prescritti dal medico sulla base delle effettive esigenze del paziente e dopo aver<\/p>\n\n\n\n<p>svolto alcuni esami specifici, perch\u00e9 bisogna impostare una terapia personalizzata e mirata, che<br>non pu\u00f2 assolutamente essere improvvisata. Gli ormoni bioidentici sono uno strumento importante<br>nelle mani del medico specialista per favorire il benessere del paziente e il mantenimento della sua<br>salute.<br>Per fare un esempio possiamo confrontare il progestinico (ormone sintetico) con il progesterone<br>(ormone bioidentico). I due ormoni vengono chiamati in modo simile, ma sono profondamente<br>diversi. Spieghiamo innanzitutto che il progesterone \u00e8 l\u2019ormone che \u201ccontroregola\u201d gli estrogeni<br>durante l\u2019et\u00e0 fertile. Si usa in molte alterazioni del ciclo in et\u00e0 fertile e durante la menopausa in<br>associazione con gli estrogeni.<br>Il progestinico, invece, \u00e8 un farmaco sintetico, una molecola artificiale sviluppata per imitare le<br>azioni del progesterone, ma che non ha l&#8217;intera gamma di attivit\u00e0 del progesterone naturale. Il<br>progesterone naturale \u00e8 una molecola di origine vegetale ed \u00e8 identico all\u2019ormone prodotto nel<br>nostro corpo con gli stessi effetti dell\u2019ormone naturale.<br>Ma qual \u00e8 la differenza negli effetti collaterali? Il progesterone bioidentico pu\u00f2 determinare solo un<br>lieve sonnolenza. La carenza di progesterone determina irritabilit\u00e0 ed insonnia e quindi l\u2019ormone<br>contribuisce solo al ristabilirsi di un equilibrio naturale del sonno e dell\u2019umore per la sua<br>documentata azione gabaergica. L\u2019ormone sintetico, al contrario, pu\u00f2 determinare trombosi,<br>gonfiore, depressione, dolore al seno, alterazione della visione, emicrania e altro.<br>Gli ormoni bioidentici sono naturali?<br>Spesso il termine &#8220;bioidentici&#8221; \u00e8 motivo di confusione e viene utilizzato in modi non troppo corretti.<br>Alcuni, ad esempio, utilizzano la dicitura &#8220;ormoni bioidentici&#8221; per indicare ormoni ottenuti in<br>laboratorio a partire da piante o loro componenti, quindi per indicare ormoni che si potrebbero<br>definire di origine vegetale. In questo contesto, inoltre, &#8220;ormoni bioidentici&#8221; e &#8220;ormoni naturali&#8221;<br>vengono utilizzati in modo interscambiabile. Tuttavia ci sono delle differenze. Il fatto che un<br>prodotto o un principio attivo siano di origine vegetale non implica che si tratti di sostanze naturali<br>al 100%. Gli ormoni che vengono sintetizzati a partire da sostanze vegetali, per diventare<br>&#8220;bioidentici&#8221; subiscono comunque alcune modificazioni. Per questo non possono essere definiti<br>&#8220;naturali&#8221;, in quanto costituiscono il risultato di trasformazioni avvenute in laboratorio.<br>In ogni caso, come abbiamo visto sopra, i bioidentici sono identici agli ormoni prodotti<br>naturalmente dal corpo umano e hanno la stessa struttura chimica e molecolare. Per questo il<br>nostro organismo li riconosce come propri.<br>Conclusioni<br>Gli ormoni bioidentici rappresentano un&#8217;opzione terapeutica personalizzata e promettente per<br>coloro che cercano di affrontare gli squilibri ormonali in modo sicuro ed efficace.<br>Ci impegnamo a fornire alle nostre pazienti l&#8217;accesso a trattamenti innovativi come la terapia<br>personalizzata con ormoni bioidentici, al fine di migliorare il loro benessere complessivo e la<br>qualit\u00e0 della vita.<\/p>\n","protected":false},"excerpt":{"rendered":"<p>Gli ormoni bioidentici sono ormoni che possiedono una struttura chimica e molecolare identica aquelle degli ormoni naturalmente prodotti dal corpo umano. Rappresentano un approccioinnovativo nel campo della terapia ormonale sostitutiva che, nel caso dei bioidentici, \u00e8sempre personalizzata. Possono essere utilizzati sia in et\u00e0 fertile sia in menopausa e sono utiliper risolvere determinati disturbi, dalla menopausa alla cistite, dal metabolismo all\u2019ansia,<span class=\"more-dots\">&#8230;<\/span><\/p>\n","protected":false},"author":1,"featured_media":0,"parent":0,"menu_order":0,"comment_status":"closed","ping_status":"closed","template":"","meta":{"footnotes":""},"class_list":["post-61","page","type-page","status-publish","hentry","no-post-thumbnail"],"_links":{"self":[{"href":"https:\/\/www.studiomattibeccaria.com\/index.php\/wp-json\/wp\/v2\/pages\/61","targetHints":{"allow":["GET"]}}],"collection":[{"href":"https:\/\/www.studiomattibeccaria.com\/index.php\/wp-json\/wp\/v2\/pages"}],"about":[{"href":"https:\/\/www.studiomattibeccaria.com\/index.php\/wp-json\/wp\/v2\/types\/page"}],"author":[{"embeddable":true,"href":"https:\/\/www.studiomattibeccaria.com\/index.php\/wp-json\/wp\/v2\/users\/1"}],"replies":[{"embeddable":true,"href":"https:\/\/www.studiomattibeccaria.com\/index.php\/wp-json\/wp\/v2\/comments?post=61"}],"version-history":[{"count":4,"href":"https:\/\/www.studiomattibeccaria.com\/index.php\/wp-json\/wp\/v2\/pages\/61\/revisions"}],"predecessor-version":[{"id":141,"href":"https:\/\/www.studiomattibeccaria.com\/index.php\/wp-json\/wp\/v2\/pages\/61\/revisions\/141"}],"wp:attachment":[{"href":"https:\/\/www.studiomattibeccaria.com\/index.php\/wp-json\/wp\/v2\/media?parent=61"}],"curies":[{"name":"wp","href":"https:\/\/api.w.org\/{rel}","templated":true}]}}